-26
What is the value of (-90 + 197 - 49) + -87?
-29
Evaluate 3 - -11 - (10 - (-5 - -15) - -12).
2
What is -18 - (-21 + 78 + -62)?
-13
What is the value of -51 + (16 - (-4 + 31 + -17 + 4))?
-49
Calculate 36 + (-72 - (43 + -29)).
-50
Calculate 41 + (4 - -3) - 61.
-13
What is -420 + 426 + -3 + 42 + -3?
42
Calculate -37 + 2 - (-23 + 11 + 7 + 13).
-43
Evaluate -1917 + 1878 - (3 - (165 + -3)).
120
11 + 18 + (-10 - -10 - -5) + 11
45
What is the value of -4 + (-3 - (8 - (-26 - -52)))?
11
What is 32 - (-33 + 71) - (-14 + 2) - 54?
-48
What is the value of 17 + -22 + -8 - (2 + 14)?
-29
29 + (2 + -19 - (2 + -26 - 5))
41
Evaluate -58 + 31 + 9 + 18 - -7.
7
Calculate (33 - (-15 + -18 + 33 - -18)) + 70.
85
Calculate 24 + -2 + -14 + (14 - (-6 + 0 - -11)).
17
What is -27 + 3 + 68 - 2?
42
Calculate 8 + -25 + 24 - 54.
-47
Evaluate (-3 + 1 - (408 + -419)) + (-11 - 0).
-2
What is 77 + (47 - (-17 + 77))?
64
What is the value of 153 + -78 + -97 - 45?
-67
What is (-49 - (105 + (20 - 9))) + 34?
-131
Calculate (7 - ((-2 - -22) + -4)) + 40 + 12.
43
(1 - 35) + (30 - (22 - -1)) + -1
-28
Calculate (-33 - (-14 - (-16 + 16))) + (28 - 41).
-32
-19 - (-8 - 49) - 33 - (-2 - (69 + 0))
76
What is the value of -117 - (-36 + 1) - (31 - 27)?
-86
Evaluate 2 - ((71 - 2 - -3) + -4) - (274 + -260).
-80
What is the value of (-51 - (-20 - 34)) + -97 + 0?
-94
Calculate -5183 + 5235 + -3 + 1.
50
What is the value of (24 - 10 - 73) + (1 - -21)?
-37
What is 44 - (28 - (17 - 37))?
-4
Evaluate 19 + -17 + -5 + -7 + 5 + -61.
-66
-30 + 26 + 30 + 28 + -19
35
Calculate (-35 + 2 - (-612 - -511)) + -16.
52
Evaluate (1 - -8) + -28 - (-5 - -15).
-29
37 - (-13 - 7) - (27 + -2)
32
-3 + (2 - (5 - 0) - (-7 - 2) - -46)
49
What is the value of 63 - (56 + -40) - 104?
-57
Calculate -6 - ((-16 - 25) + 11) - -14.
38
What is the value of 3 - (-1 + 6 + -7 + 6) - -9?
8
What is -89 + (5 - (3 + 16) - -43)?
-60
Calculate (1 - 3) + (17 - (-12 + -16 + 49 + -12)).
6
Calculate -3 + 79 - ((27 - 5) + (-70 - -52)).
72
What is the value of 47 + 30 + -34 - -2 - 23?
22
What is the value of -50 + (10 - -11 - -88)?
59
Evaluate 24 - 26 - (-8 + 18 + 11 + 1).
-24
Evaluate (-166 - -139) + (34 - 0) + (0 - -14).
21
What is the value of (35 - (26 - 61)) + -1?
69
Calculate (312 - 151) + (-29 - (13 + -9)).
128
Evaluate 83 + -5 + 2 - -4 - (5 - (-14 + 17)).
82
10 + -20 + (-7 - -8) + 11 - -20
22
Evaluate (105 - 0) + (-3413 - -3350).
42
What is 11 - 1 - (-10 + (-25 - -50) + (11 - -1))?
-17
-12 + (51 - -26) - 41
24
-52 + 85 + (-14 - 17) - (72 + -2)
-68
Evaluate (252 + -148 - 125) + 3 + 67 + -1.
48
What is 1 - 28 - (-9980 + 9887)?
66
Evaluate (-2 - 52) + (-17 - (40 + (-5 - 29))).
-77
(-2 - 13) + (58 - (-18 + 55 - 19))
25
(131 - -17) + -76 - 130
-58
What is the value of 9 - (17 - (2 + 0 + 9 + -13))?
-10
Calculate (1 - -45) + (318 - 336) + -159.
-131
Calculate (-444 - -386) + 4 + 0 - -1.
-53
What is 9 + 1 - (-73 + -19 + 20 + 18)?
64
What is 61 + (-15 - (-26 - (-28 - (-21 + 12) - -15)))?
68
What is the value of -45 + -26 - (537 - 526)?
-82
What is 3 - 7 - (4 + -102) - (-89 + -66 + 152)?
97
What is the value of -11 + (37 - (-40 - -58)) - (93 + -1)?
-84
Calculate (26 - (-1 + 5) - -9 - 9) + -6.
16
Evaluate 25 - (31 - 37 - -19).
12
What is the value of (1 - 28) + (-1673 - -1678)?
-22
Calculate (-25204 - -25175) + (168 - -1 - 1).
139
What is -4 + 7 + 3 + -8 + 6 + 3 - 18?
-11
What is 55 + 1 - (907 - 871)?
20
-46 + -35 + 142 - 129
-68
What is (332 - 348) + 3 + 75?
62
Evaluate 130 - 78 - (14 + -6).
44
2 + 27 + -6 + 40 + (-6 + -1 - -1)
57
What is the value of (-85 - -64) + (26 - 9) - 0?
-4
What is 4 - (-38 - (-18 + -23))?
1
What is 29 - (36 + 49 + -19)?
-37
What is the value of -54 - (-17 + -31 - -24)?
-30
Evaluate 11 + (-8 - ((3 + 0 - -1) + 16)).
-17
What is -22 + 85 + -37 + 13?
39
Evaluate (-60 - (-62 + 37)) + 56.
21
Evaluate 7 + -1 + -2 + -7 + (753 - 751).
-1
Calculate -5 - 4 - (6 + -3 + 8 - 11).
-9
(13 + -6 - (22 + -26)) + 35
46
What is 1 - 1 - 3 - (6 + 5) - 11?
-25
What is the value of (6 - 1 - (2 + -2 - -2)) + -25?
-22
Calculate ((-3 - 2) + 2 - -2) + 2 + -43 + 41.
-1
What is the value of -5 + (13 - 13) + -4 - (-5 - (-4 - 3))?
-11
Calculate 28 + (-37 - -8 - -3 - -13).
15
What is the value of -12 + (-6 - 16 - -24) + -22?
-32
2 + 18 + -59 + 142 + -24 - -20
99
Calculate -4 + -15 + 34 - (-57 - -30).
42
Evaluate -161 + 135 - (-3 + (-7 - -1)) - 6.
-23
What is (-37 + (40 - 13) - (-13 - 0)) + -7 - 6?
-10
-263 - -269 - (15 - -7)
-16
175 + -148 + -21 + 2
8
What is -19 + (56 - (-28 - (-25 + 15) - 3))?
58
(-37 + 87 + -16 - -16) + -2 + 1 + -1
48
-6 + -2 + 5 + (-69 - -49) - 56
-79
3 + 8 + -3 - (2 + -28 + (126 - 140))
48
41 + 111 + -46 + -52
54
Evaluate 147 - (88 + (-128 - -83)).
104
What is -298 + 295 - (13 - -28)?
-44
Evaluate (18 - 16) + (38 - 1) + 255 + -252.
42
What is -84 + -3 + (5122 - 5039)?
-4
Evaluate 81 + (26 - 121) - (3 - (19 + 1)).
3
What is -1 + -57 + -1709 + 1743?
-24
What is the value of (-47 - (26 + 13) - -37) + 152?
103
Evaluate (57 + (-48 - -15) - -2) + 40.
66
Calculate 16 + -45 + 21 - (91 - (18 - 32)).
-113
Calculate -38 + (6 - 17) + 1 - (17 - 14).
-51
7 - (22 + (-17 - (-7 + -15)))
-20
What is (350 + -346 - (0 - 11)) + -7 + -44?
-36
14 - ((5 - 31) + 71)
-31
Evaluate 47 - ((5 - 1) + (112 - 110) - 2 - 3).
46
-8 + 17 + -8 + -29 + 22 + 29
23
Calculate -23 - (65 - 105 - -35).
-18
What is the value of 18 - (20 + -18 + -2) - 45?
-27
What is the value of (53 - -6) + 7 + -7 - (-2 + 11)?
50
-141 - (-41 + -102) - (1 - 85)
86
What is the value of (-27 - 2) + -171 + 190 + (-21 - -3)?
-28
What is the value of -436 + 392 + (-37 - -9)?
-72
What is the value of -339 + 124 + 129 - -33?
-53
What is 167 + -145 - ((-6 - -9) + 37)?
-18
What is the value of -35 - 6 - -96 - 30?
25
-153 - ((-65 + 10 - -11) + 28)
-137
Calculate 1 + -4 + -1 + (-4 - -5) + 138 + -133.
2
What is 0 - 7 - (143 + -124 - (-1 - -42) - -3)?
12
What is (16 - -62) + 5 - (146 + -126)?
63
What is the value of 1 - -16 - (-32 - -20 - -66)?
-37
What is the value of -37 + 1 + 108 + -136?
-64
11 + -25 - -31 - (-46 - -18) - 9
36
Evaluate -412 + 471 + (-52 - 6).
1
What is (-79 - (21 - 37)) + (4 - -1) + (1 - -2)?
-55
What is the value of (12 - -1) + -78 + (45 - -58)?
38
Evaluate 47 - -34 - (-34 + 41).
74
Calculate -14 + 18 - (-2 + 3) - (0 - (-20 - -8)).
-9
What is the value of (-2 - 1) + (-16 + 1 - -39) + -13?
8
What is the value of (-71 - -2) + (-35 + 48 - -4)?
-52
Evaluate -7 - (-14 + (-6 + 2 + 5 - -6)).
0
Calculate 89 + -110 + 61 + -69.
-29
What is the value of 119 + -115 - (-5 - -1 - (-4 - -5))?
9
What is 3 - 3 - (-17 - (-2 + 7 + -17 + 10))?
15
What is the value of 15 + (-5 - -4) + -4 + (-155 - -208)?
63
Evaluate (16 - (-49 - -17)) + 10 + (-24 - -5).
39
Evaluate -7 + 4 + (-5 - 9) + 9 - (-39 + -1).
32
Calculate -14 - (-73 + -17 + 11 + 13).
52
What is (-40 - 27 - -11) + (-3 - -30)?
-29
Calculate (69 - 1) + (-66 - -78) - (1 - -15).
64
24 + -16 + -16 + -6 + 1 + 59
46
Calculate (75 + -65 - -20) + 51.
81
Evaluate -79 + (-50 - -225 - 28).
68
Evaluate 10 + -3 - 28 - -23 - -11 - -90.
103
What is 50 + -51 + (94 - -2) + (0 - 2)?
93
What is (9 - (22 + -2) - (-6 - 122)) + 12?
129
-14 - (-10 + 4 + 12 + (13 - 59) + 12)
14
Evaluate -5 + 27 - (13 + 45 + -35).
-1
What is the value of 88 + -94 + 127 + 5 + -8?
118
-14 + -20 + 3 - (8 + -5)
-34
Evaluate 99 + -110 + -5 + 4 + (3 + 5 - -96).
92
Evaluate (-3 + 2 + (-7 - -5) + 0 - 60) + 3.
-60
Evaluate -13 + 5 + (25 - 49) + 18.
-14
Evaluate 12 - (-6 + (-30 - -40)).
8
What is (41 - -6) + 55 + -52?
50
What is the value of ((-20 - (-5 + -11)) + 17 - 6) + -29?
-22
Calculate 12 + 0 + (-28 - -4) + 38.
26
Calculate -1 - -160 - (-1974 + 2075).
58
What is (-68 - -101) + -31 - (-18 + 2)?
18
What is the value of 215 - 213 - (-34 + -12)?
48
What is the value of 69 + (12 - (134 - 17))?
-36
Evaluate -9 + 115 + 51 + -105.
52
Calculate -71 + 7 + (-133 - -247) + -136.
-86
What is 83 - 45 - 36 - (-4 + -3 + 8 + -100)?
101
Calculate -91 + 52 + 45 + -1 + 2 + -57.
-50
(-1 - 72) + 69 + (49 - 87)
-42
1 + 35 - (-70 + 40 + 28 + -8)
46
What is -22 + (7 - -20 - 22) + -2?
-19
What is the value of -37 - -11 - ((-32 - -10) + 45)?
-49
What is the value of (13 - (-10 + 17) - (0 - 103)) + -19?
90
Calculate (10 - -41) + -66 + (-1 - -12) + 17.
13
What is the value of -5 + -5 + 1 + 55 - (-1 - 9 - -11)?
45
What is t